{"id":639,"date":"2022-04-15T12:31:42","date_gmt":"2022-04-15T12:31:42","guid":{"rendered":"https:\/\/sevenart.ma\/shop\/?post_type=product&#038;p=639"},"modified":"2022-04-15T12:41:19","modified_gmt":"2022-04-15T12:41:19","slug":"marbre-square-1515cm-carre","status":"publish","type":"product","link":"https:\/\/sevenart.ma\/shop\/?product=marbre-square-1515cm-carre","title":{"rendered":"Marbre SQUARE 15*15cm &#8220;Carr\u00e9&#8221;"},"content":{"rendered":"<p><strong>Marbre SQUARE imprim\u00e9 avec votre photo Personnalis\u00e9<\/strong><\/p>\n<p>Marbre SQUARE 15*15cm sublimation SH19<\/p>\n<p>Choisissez l&#8217;effet que vous aimez pour votre image, nous l\u2019imprimerons pour vous sur l\u2019un de nos produits.<\/p>\n<p>&nbsp;<\/p>\n","protected":false},"excerpt":{"rendered":"<p>Marbre SQUARE 15*15cm sublimation SH19<\/p>\n<p>Choisissez l&#8217;effet que vous aimez pour votre image, nous l\u2019imprimerons pour vous sur l\u2019un de nos produits.<\/p>\n","protected":false},"featured_media":644,"comment_status":"open","ping_status":"closed","template":"","meta":[],"product_cat":[33,39],"product_tag":[],"class_list":{"0":"post-639","1":"product","2":"type-product","3":"status-publish","4":"has-post-thumbnail","6":"product_cat-accessoires","7":"product_cat-marbre","8":"tm-has-options","10":"first","11":"instock","12":"shipping-taxable","13":"purchasable","14":"product-type-simple"},"_links":{"self":[{"href":"https:\/\/sevenart.ma\/shop\/index.php?rest_route=\/wp\/v2\/product\/639","targetHints":{"allow":["GET"]}}],"collection":[{"href":"https:\/\/sevenart.ma\/shop\/index.php?rest_route=\/wp\/v2\/product"}],"about":[{"href":"https:\/\/sevenart.ma\/shop\/index.php?rest_route=\/wp\/v2\/types\/product"}],"replies":[{"embeddable":true,"href":"https:\/\/sevenart.ma\/shop\/index.php?rest_route=%2Fwp%2Fv2%2Fcomments&post=639"}],"wp:featuredmedia":[{"embeddable":true,"href":"https:\/\/sevenart.ma\/shop\/index.php?rest_route=\/wp\/v2\/media\/644"}],"wp:attachment":[{"href":"https:\/\/sevenart.ma\/shop\/index.php?rest_route=%2Fwp%2Fv2%2Fmedia&parent=639"}],"wp:term":[{"taxonomy":"product_cat","embeddable":true,"href":"https:\/\/sevenart.ma\/shop\/index.php?rest_route=%2Fwp%2Fv2%2Fproduct_cat&post=639"},{"taxonomy":"product_tag","embeddable":true,"href":"https:\/\/sevenart.ma\/shop\/index.php?rest_route=%2Fwp%2Fv2%2Fproduct_tag&post=639"}],"curies":[{"name":"wp","href":"https:\/\/api.w.org\/{rel}","templated":true}]}}